{"id":84,"date":"2024-01-10T02:43:25","date_gmt":"2024-01-10T02:43:25","guid":{"rendered":"https:\/\/megamatrixsas.com\/?page_id=84"},"modified":"2024-08-09T01:38:22","modified_gmt":"2024-08-09T01:38:22","slug":"servivios-que-ofrecemos","status":"publish","type":"page","link":"https:\/\/megamatrixsas.com\/index.php\/servivios-que-ofrecemos\/","title":{"rendered":"Servicios que ofrecemos"},"content":{"rendered":"\n<div class=\"wp-block-group alignfull has-accent-5-background-color has-background has-global-padding is-layout-constrained wp-block-group-is-layout-constrained\" style=\"margin-top:0;margin-bottom:0;padding-top:var(--wp--preset--spacing--50);padding-right:var(--wp--preset--spacing--50);padding-bottom:var(--wp--preset--spacing--50);padding-left:var(--wp--preset--spacing--50)\">\n<div class=\"wp-block-columns alignwide is-layout-flex wp-container-core-columns-layout-1 wp-block-columns-is-layout-flex\">\n<div class=\"wp-block-column is-vertically-aligned-center is-layout-flow wp-block-column-is-layout-flow\" style=\"flex-basis:60%\">\n<figure class=\"wp-block-image aligncenter size-full is-resized is-style-rounded wp-duotone-unset-1\"><img loading=\"lazy\" decoding=\"async\" width=\"821\" height=\"542\" src=\"https:\/\/megamatrixsas.com\/wp-content\/uploads\/2024\/01\/consultorias.jpg\" alt=\"\" class=\"wp-image-85\" style=\"aspect-ratio:1.3333333333333333;object-fit:cover;width:493px;height:auto\" srcset=\"https:\/\/megamatrixsas.com\/wp-content\/uploads\/2024\/01\/consultorias.jpg 821w, https:\/\/megamatrixsas.com\/wp-content\/uploads\/2024\/01\/consultorias-300x198.jpg 300w, https:\/\/megamatrixsas.com\/wp-content\/uploads\/2024\/01\/consultorias-768x507.jpg 768w\" sizes=\"(max-width: 821px) 100vw, 821px\" \/><\/figure>\n<\/div>\n\n\n\n<div class=\"wp-block-column is-layout-flow wp-block-column-is-layout-flow\" style=\"flex-basis:40%\">\n<h2 class=\"wp-block-heading\">Consultorias<\/h2>\n\n\n\n<p>Nuestra gran experiencia nos permite ofrecerle distintas consultorias para hacer de sus proyectos todo un exito, conozca las distintas consultorias que ofrecemos. <\/p>\n<\/div>\n<\/div>\n\n\n\n<div class=\"wp-block-group alignfull has-global-padding is-layout-constrained wp-block-group-is-layout-constrained\" style=\"margin-top:0;margin-bottom:0;padding-top:var(--wp--preset--spacing--50);padding-right:var(--wp--preset--spacing--50);padding-bottom:var(--wp--preset--spacing--50);padding-left:var(--wp--preset--spacing--50)\">\n<h2 class=\"wp-block-heading has-text-align-center\">Dise\u00f1o arquitect\u00f3nico<\/h2>\n\n\n\n<div class=\"wp-block-media-text alignwide is-stacked-on-mobile\"><figure class=\"wp-block-media-text__media\"><img loading=\"lazy\" decoding=\"async\" width=\"1024\" height=\"576\" src=\"https:\/\/megamatrixsas.com\/wp-content\/uploads\/2024\/01\/WhatsApp-Image-2024-01-09-at-7.27.27-PM-2-1024x576.jpeg\" alt=\"\" class=\"wp-image-87 size-full\" srcset=\"https:\/\/megamatrixsas.com\/wp-content\/uploads\/2024\/01\/WhatsApp-Image-2024-01-09-at-7.27.27-PM-2-1024x576.jpeg 1024w, https:\/\/megamatrixsas.com\/wp-content\/uploads\/2024\/01\/WhatsApp-Image-2024-01-09-at-7.27.27-PM-2-300x169.jpeg 300w, https:\/\/megamatrixsas.com\/wp-content\/uploads\/2024\/01\/WhatsApp-Image-2024-01-09-at-7.27.27-PM-2-768x432.jpeg 768w, https:\/\/megamatrixsas.com\/wp-content\/uploads\/2024\/01\/WhatsApp-Image-2024-01-09-at-7.27.27-PM-2.jpeg 1280w\" sizes=\"(max-width: 1024px) 100vw, 1024px\" \/><\/figure><div class=\"wp-block-media-text__content\">\n<p class=\"has-text-align-left\">Proyectamos las diferentes construcciones y necesidades arquitect\u00f3nicas&nbsp; de nuestros clientes con los m\u00e1s avanzados programas CAD&nbsp; del mercado como el Archicad, Autocad y Artlantis&nbsp; que modelan en tres dimensiones, generando renders y animaciones que hacen una f\u00e1cil compresi\u00f3n que&nbsp; aseguran el \u00e9xito en el desarrollo y comprensi\u00f3n de los proyectos.<\/p>\n<\/div><\/div>\n\n\n\n<hr class=\"wp-block-separator has-alpha-channel-opacity is-style-dots\"\/>\n\n\n\n<h2 class=\"wp-block-heading has-text-align-center\">Estudio de suelos,&nbsp; dise\u00f1o&nbsp; y calculo estructural<\/h2>\n\n\n\n<div class=\"wp-block-media-text alignwide is-stacked-on-mobile\"><figure class=\"wp-block-media-text__media\"><img loading=\"lazy\" decoding=\"async\" width=\"950\" height=\"633\" src=\"https:\/\/megamatrixsas.com\/wp-content\/uploads\/2024\/01\/estudio-de-suelos.jpg\" alt=\"\" class=\"wp-image-88 size-full\" srcset=\"https:\/\/megamatrixsas.com\/wp-content\/uploads\/2024\/01\/estudio-de-suelos.jpg 950w, https:\/\/megamatrixsas.com\/wp-content\/uploads\/2024\/01\/estudio-de-suelos-300x200.jpg 300w, https:\/\/megamatrixsas.com\/wp-content\/uploads\/2024\/01\/estudio-de-suelos-768x512.jpg 768w\" sizes=\"(max-width: 950px) 100vw, 950px\" \/><\/figure><div class=\"wp-block-media-text__content\">\n<p class=\"has-text-align-left\">Contamos con un selecto grupo de ingenieros civiles especializados&nbsp; encargados del&nbsp; dimensionamientos y especificaciones de las estructuras de las edificaciones, as\u00ed como del an\u00e1lisis y estudio de los suelos para elaborar recomendaciones responsables, econ\u00f3micas y fiables base de los c\u00e1lculos y dise\u00f1os estructurales.<\/p>\n<\/div><\/div>\n\n\n\n<p><\/p>\n\n\n\n<hr class=\"wp-block-separator has-alpha-channel-opacity is-style-dots\"\/>\n\n\n\n<h2 class=\"wp-block-heading has-text-align-center\">Dise\u00f1o Hidr\u00e1ulico<\/h2>\n\n\n\n<div class=\"wp-block-media-text alignwide is-stacked-on-mobile\"><figure class=\"wp-block-media-text__media\"><img loading=\"lazy\" decoding=\"async\" width=\"640\" height=\"426\" src=\"https:\/\/megamatrixsas.com\/wp-content\/uploads\/2024\/01\/diseno-hidraulico.jpg\" alt=\"\" class=\"wp-image-89 size-full\" srcset=\"https:\/\/megamatrixsas.com\/wp-content\/uploads\/2024\/01\/diseno-hidraulico.jpg 640w, https:\/\/megamatrixsas.com\/wp-content\/uploads\/2024\/01\/diseno-hidraulico-300x200.jpg 300w\" sizes=\"(max-width: 640px) 100vw, 640px\" \/><\/figure><div class=\"wp-block-media-text__content\">\n<p class=\"has-text-align-left\">Nuestros ingenieros hidr\u00e1ulicos desarrollan el c\u00e1lculo y la planimetr\u00eda del dimensionamiento de las redes de tuber\u00edas de las edificaciones, tanto en el suministro de agua potable como las evacuaciones&nbsp; sanitarias y de aguas lluvias,&nbsp; por la cual se calculan las p\u00e9rdidas de carga de las diferentes combinaciones&nbsp; de di\u00e1metros mantenimiento las presiones ideales para un \u00f3ptimo funcionamiento de los desarrollos urbanos como de las construcciones.<\/p>\n<\/div><\/div>\n\n\n\n<hr class=\"wp-block-separator has-alpha-channel-opacity is-style-dots\"\/>\n\n\n\n<h2 class=\"wp-block-heading has-text-align-center\">Dise\u00f1o El\u00e9ctrico<\/h2>\n\n\n\n<div class=\"wp-block-media-text alignwide is-stacked-on-mobile\"><figure class=\"wp-block-media-text__media\"><img loading=\"lazy\" decoding=\"async\" width=\"475\" height=\"238\" src=\"https:\/\/megamatrixsas.com\/wp-content\/uploads\/2024\/01\/diseno-electrico.jpg\" alt=\"\" class=\"wp-image-90 size-full\" srcset=\"https:\/\/megamatrixsas.com\/wp-content\/uploads\/2024\/01\/diseno-electrico.jpg 475w, https:\/\/megamatrixsas.com\/wp-content\/uploads\/2024\/01\/diseno-electrico-300x150.jpg 300w\" sizes=\"(max-width: 475px) 100vw, 475px\" \/><\/figure><div class=\"wp-block-media-text__content\">\n<p>Nuestro personal profesional Cuenta con una amplia experiencia en la ejecuci\u00f3n de proyectos el\u00e9ctricos y de telecomunicaciones brindando una atenci\u00f3n profesional y personalizada, utilizando el software especializado que se adapte mejor a cada proyecto.&nbsp;En la consultor\u00eda en Ingenier\u00eda El\u00e9ctrica podemos ofrecer los estudios preliminares, anteproyectos, planos constructivos y especificaciones, presupuesto detallado, programaci\u00f3n de trabajos constructivos y direcci\u00f3n t\u00e9cnica e inspecci\u00f3n en proyectos de tipo industrial, comercial y residencial.&nbsp;<\/p>\n<\/div><\/div>\n\n\n\n<hr class=\"wp-block-separator has-alpha-channel-opacity is-style-dots\"\/>\n\n\n\n<h2 class=\"wp-block-heading has-text-align-center\">Consultor\u00eda en Ingenier\u00eda Industrial<\/h2>\n\n\n\n<div class=\"wp-block-media-text alignwide is-stacked-on-mobile\"><figure class=\"wp-block-media-text__media\"><img loading=\"lazy\" decoding=\"async\" width=\"640\" height=\"427\" src=\"https:\/\/megamatrixsas.com\/wp-content\/uploads\/2024\/01\/ing-industrial.webp\" alt=\"\" class=\"wp-image-91 size-full\" srcset=\"https:\/\/megamatrixsas.com\/wp-content\/uploads\/2024\/01\/ing-industrial.webp 640w, https:\/\/megamatrixsas.com\/wp-content\/uploads\/2024\/01\/ing-industrial-300x200.webp 300w\" sizes=\"(max-width: 640px) 100vw, 640px\" \/><\/figure><div class=\"wp-block-media-text__content\">\n<p>Servicios profesionales en ingenier\u00eda industrial, estudio de m\u00e9todos de trabajo, diagramaci\u00f3n de procesos, estudios para la mejora integral de la actividad (calidad, productividad, servicios, costos), seguimiento y control por medio del dise\u00f1o de indicadores de ejecuci\u00f3n en calidad, productividad, servicio y costos, control de inventarios.<\/p>\n<\/div><\/div>\n\n\n\n<hr class=\"wp-block-separator has-alpha-channel-opacity is-style-dots\"\/>\n\n\n\n<h2 class=\"wp-block-heading has-text-align-center\">Gerencia de Proyecto<\/h2>\n\n\n\n<div class=\"wp-block-media-text alignwide is-stacked-on-mobile\"><figure class=\"wp-block-media-text__media\"><img loading=\"lazy\" decoding=\"async\" width=\"1024\" height=\"623\" src=\"https:\/\/megamatrixsas.com\/wp-content\/uploads\/2024\/01\/gerencia-de-proyectos.jpg\" alt=\"\" class=\"wp-image-92 size-full\" srcset=\"https:\/\/megamatrixsas.com\/wp-content\/uploads\/2024\/01\/gerencia-de-proyectos.jpg 1024w, https:\/\/megamatrixsas.com\/wp-content\/uploads\/2024\/01\/gerencia-de-proyectos-300x183.jpg 300w, https:\/\/megamatrixsas.com\/wp-content\/uploads\/2024\/01\/gerencia-de-proyectos-768x467.jpg 768w\" sizes=\"(max-width: 1024px) 100vw, 1024px\" \/><\/figure><div class=\"wp-block-media-text__content\">\n<p>Nos encargamos del manejo en la direcci\u00f3n, administraci\u00f3n y control de las obras para el cuidado de los intereses de nuestros clientes, desde&nbsp; su inicio y desarrollo del proyecto.<\/p>\n<\/div><\/div>\n\n\n\n<hr class=\"wp-block-separator has-alpha-channel-opacity is-style-dots\"\/>\n\n\n\n<h2 class=\"wp-block-heading has-text-align-center\">Interventor\u00eda t\u00e9cnica<\/h2>\n\n\n\n<div class=\"wp-block-media-text alignwide is-stacked-on-mobile\"><figure class=\"wp-block-media-text__media\"><img loading=\"lazy\" decoding=\"async\" width=\"640\" height=\"412\" src=\"https:\/\/megamatrixsas.com\/wp-content\/uploads\/2024\/01\/interventoria.webp\" alt=\"\" class=\"wp-image-93 size-full\" srcset=\"https:\/\/megamatrixsas.com\/wp-content\/uploads\/2024\/01\/interventoria.webp 640w, https:\/\/megamatrixsas.com\/wp-content\/uploads\/2024\/01\/interventoria-300x193.webp 300w\" sizes=\"(max-width: 640px) 100vw, 640px\" \/><\/figure><div class=\"wp-block-media-text__content\">\n<p>En nuestra oferta, proporcionamos el servicio integral de vigilancia t\u00e9cnica del proyecto a construir, abarcando el control minucioso de presupuesto, costos y programaci\u00f3n, no solo durante las etapas de planificaci\u00f3n y ejecuci\u00f3n, sino tambi\u00e9n en las fases preliminares del proceso. Nos aseguramos de supervisar cada aspecto con detenimiento, garantizando una gesti\u00f3n eficiente y transparente en todas las actividades relacionadas con el proyecto.<\/p>\n<\/div><\/div>\n\n\n\n<hr class=\"wp-block-separator has-alpha-channel-opacity is-style-dots\"\/>\n\n\n\n<h2 class=\"wp-block-heading has-text-align-center\">Licencias de construcci\u00f3n<\/h2>\n\n\n\n<div class=\"wp-block-media-text alignwide is-stacked-on-mobile\"><figure class=\"wp-block-media-text__media\"><img loading=\"lazy\" decoding=\"async\" width=\"1024\" height=\"768\" src=\"https:\/\/megamatrixsas.com\/wp-content\/uploads\/2024\/01\/licencia.jpg\" alt=\"\" class=\"wp-image-94 size-full\" srcset=\"https:\/\/megamatrixsas.com\/wp-content\/uploads\/2024\/01\/licencia.jpg 1024w, https:\/\/megamatrixsas.com\/wp-content\/uploads\/2024\/01\/licencia-300x225.jpg 300w, https:\/\/megamatrixsas.com\/wp-content\/uploads\/2024\/01\/licencia-768x576.jpg 768w\" sizes=\"(max-width: 1024px) 100vw, 1024px\" \/><\/figure><div class=\"wp-block-media-text__content\">\n<p>Realizamos todo el Gestionamiento para la consecuci\u00f3n de las licencias de construcci\u00f3n ante las curadur\u00edas urbanas o ante&nbsp; las secretarias&nbsp; de planeaci\u00f3n municipal. Para realizar el trabajo recopilamos informaci\u00f3n para la viabilidad del proyecto como tramites en planeaci\u00f3n distrital y las curadur\u00edas. Ajustes a los dise\u00f1os y recomendaciones t\u00e9cnicas de acuerdo con las normas vigentes. Con toda esta informaci\u00f3n realizamos el tr\u00e1mite de solicitud y obtenci\u00f3n de la licencia de construcci\u00f3n.<\/p>\n<\/div><\/div>\n\n\n\n<hr class=\"wp-block-separator has-alpha-channel-opacity is-style-dots\"\/>\n\n\n\n<h2 class=\"wp-block-heading has-text-align-center\">Construccion a todo costo<\/h2>\n\n\n\n<div class=\"wp-block-media-text alignwide is-stacked-on-mobile\"><figure class=\"wp-block-media-text__media\"><img loading=\"lazy\" decoding=\"async\" width=\"1024\" height=\"683\" src=\"https:\/\/megamatrixsas.com\/wp-content\/uploads\/2024\/01\/construccion.jpg\" alt=\"\" class=\"wp-image-95 size-full\" srcset=\"https:\/\/megamatrixsas.com\/wp-content\/uploads\/2024\/01\/construccion.jpg 1024w, https:\/\/megamatrixsas.com\/wp-content\/uploads\/2024\/01\/construccion-300x200.jpg 300w, https:\/\/megamatrixsas.com\/wp-content\/uploads\/2024\/01\/construccion-768x512.jpg 768w\" sizes=\"(max-width: 1024px) 100vw, 1024px\" \/><\/figure><div class=\"wp-block-media-text__content\">\n<p>Manejamos proyectos de construcci\u00f3n a todo costo donde desarrollamos obras del tipo habitacional, comercial e industrial, a todo nivel (Obra nueva, remodelaci\u00f3n, restauraci\u00f3n y acondicionamientos espaciales) donde el cumplimiento y la calidad son nuestra prioridad.<\/p>\n<\/div><\/div>\n\n\n\n<hr class=\"wp-block-separator has-alpha-channel-opacity is-style-dots\"\/>\n\n\n\n<h2 class=\"wp-block-heading has-text-align-center\">Construccion por administraci\u00f3n delegada<\/h2>\n\n\n\n<div class=\"wp-block-media-text alignwide is-stacked-on-mobile\"><figure class=\"wp-block-media-text__media\"><img loading=\"lazy\" decoding=\"async\" width=\"800\" height=\"535\" src=\"https:\/\/megamatrixsas.com\/wp-content\/uploads\/2024\/01\/admin-delegada.jpg\" alt=\"\" class=\"wp-image-96 size-full\" srcset=\"https:\/\/megamatrixsas.com\/wp-content\/uploads\/2024\/01\/admin-delegada.jpg 800w, https:\/\/megamatrixsas.com\/wp-content\/uploads\/2024\/01\/admin-delegada-300x201.jpg 300w, https:\/\/megamatrixsas.com\/wp-content\/uploads\/2024\/01\/admin-delegada-768x514.jpg 768w\" sizes=\"(max-width: 800px) 100vw, 800px\" \/><\/figure><div class=\"wp-block-media-text__content\">\n<p>Nos encargamos de hacer la ejecuci\u00f3n de los proyectos de acuerdo con la consultor\u00eda existente, teniendo en cuenta los par\u00e1metros fijados en cuanto a costos y tiempos de ejecuci\u00f3n.<\/p>\n<\/div><\/div>\n<\/div>\n<\/div>\n\n\n\n<div class=\"wp-block-buttons alignwide is-layout-flex wp-block-buttons-is-layout-flex\">\n<div class=\"wp-block-button\"><a class=\"wp-block-button__link wp-element-button\">Cotizar<\/a><\/div>\n<\/div>\n","protected":false},"excerpt":{"rendered":"<p>Consultorias Nuestra gran experiencia nos permite ofrecerle distintas consultorias para hacer de sus proyectos todo un exito, conozca las distintas consultorias que ofrecemos. Dise\u00f1o arquitect\u00f3nico Proyectamos las diferentes construcciones y necesidades arquitect\u00f3nicas&nbsp; de nuestros clientes con los m\u00e1s avanzados programas CAD&nbsp; del mercado como el Archicad, Autocad y Artlantis&nbsp; que modelan en tres dimensiones, generando [&hellip;]<\/p>\n","protected":false},"author":1,"featured_media":0,"parent":0,"menu_order":0,"comment_status":"closed","ping_status":"closed","template":"","meta":{"_monsterinsights_skip_tracking":false,"_monsterinsights_sitenote_active":false,"_monsterinsights_sitenote_note":"","_monsterinsights_sitenote_category":0,"footnotes":"","_joinchat":[]},"aioseo_notices":[],"_links":{"self":[{"href":"https:\/\/megamatrixsas.com\/index.php\/wp-json\/wp\/v2\/pages\/84"}],"collection":[{"href":"https:\/\/megamatrixsas.com\/index.php\/wp-json\/wp\/v2\/pages"}],"about":[{"href":"https:\/\/megamatrixsas.com\/index.php\/wp-json\/wp\/v2\/types\/page"}],"author":[{"embeddable":true,"href":"https:\/\/megamatrixsas.com\/index.php\/wp-json\/wp\/v2\/users\/1"}],"replies":[{"embeddable":true,"href":"https:\/\/megamatrixsas.com\/index.php\/wp-json\/wp\/v2\/comments?post=84"}],"version-history":[{"count":3,"href":"https:\/\/megamatrixsas.com\/index.php\/wp-json\/wp\/v2\/pages\/84\/revisions"}],"predecessor-version":[{"id":198,"href":"https:\/\/megamatrixsas.com\/index.php\/wp-json\/wp\/v2\/pages\/84\/revisions\/198"}],"wp:attachment":[{"href":"https:\/\/megamatrixsas.com\/index.php\/wp-json\/wp\/v2\/media?parent=84"}],"curies":[{"name":"wp","href":"https:\/\/api.w.org\/{rel}","templated":true}]}}